 -21. Suppose -2*j - 3*j + 2*q + 87 = c, 5*q = 4*j - 56. Calculate the greatest common factor of j and 171.
19
Let g(r) = -r**3 + r**2 - 2*r - 4. Let o be g(-3). Let v(b) = -11*b + 217. Let h be v(18). What is the greatest common divisor of o and h?
19
Let z be ((-52400)/8)/(-10) + -4. What is the greatest common factor of 42 and z?
21
Suppose 0*c + 3*c = 0, 5*c - 112 = -4*r. Let a(h) be the third derivative of 21*h**4/8 - h**2. Let k be a(4). What is the highest common factor of r and k?
28
Suppose 3*a = -60 + 195. Calculate the highest common factor of 315 and a.
45
Suppose -3*c + 32 = -7. Let u be 15560/56 - (-1)/7. Suppose u + 86 = 4*a. Calculate the greatest common factor of c and a.
13
Suppose 88 = 17*q - 13*q. Suppose 17*l + 75 = q*l. What is the greatest common factor of 165 and l?
15
Let r be (44/11)/(2 + -1). Suppose m = 7 + r. Suppose m*k = 6*k + 25. Calculate the greatest common factor of 40 and k.
5
Let k be 10/(-7)*(-6 - 1). Suppose -5*i = -k*i + 370. What is the greatest common factor of 37 and i?
37
Let u(m) = 18*m**2 - 1. Let v be u(-2). Let h = v - 100. Let g = h + 57. Calculate the highest common factor of g and 14.
14
Let u(r) = r - 5 + 2 + 2*r. Let b be u(9). Calculate the greatest common factor of 24 and b.
24
Let z be 16/(0 + (-3)/(-15)). Let c(r) = -11*r**3 - r**2 + 7*r + 7. Let w be c(-1). What is the greatest common divisor of w and z?
10
Suppose -2*a = 3*a - 15. Suppose -a*h = -4*h + 3. Calculate the greatest common divisor of h and 15.
3
Suppose 22*c + 22 = 72*c - 28*c. Let b(a) = 2*a + 3. Let r be b(-2). Let h be ((r - 2) + -1)/(-1). What is the highest common divisor of c and h?
1
Suppose 18 = 5*g - 22. Let c be (-18 - 3)/7 + (-1 - -28). Calculate the greatest common divisor of g and c.
8
Let g be 4/8 - (-6 - (-90)/(-12)). What is the greatest common factor of g and 1694?
14
Let i be 10/(2 - (0 + 1)). Suppose -48*o + 1080 = -40*o. Suppose -i*z + o = -z. Calculate the highest common factor of 30 and z.
15
Suppose n = 13*n - 180. What is the highest common divisor of n and 6?
3
Suppose -1672*t + 1671*t = -208. What is the greatest common factor of 26 and t?
26
Let t(a) = a**3 + 10*a**2 + a - 9. Let q be (2/1)/(18/(-81)). Let l be t(q). Suppose 5*g - 237 = l. Calculate the greatest common factor of 12 and g.
12
Let v(o) = 4 - 2 - 7*o + 16*o**2 - o**3 - 2 + 13. Let p be v(15). Suppose 4*c = z + 79, 3*z + 3 = -6. What is the highest common factor of c and p?
19
Let w = -31 + 33. Let k be 18 + 0/(-4 + w). Let s be 47 + -2*(-1)/(-1). Calculate the highest common factor of s and k.
9
Suppose 38*i + 24 = 42*i. Calculate the greatest common divisor of 144 and i.
6
Suppose 3*k - 1601 = 2*a, -5*k + 4*a + 1070 = -3*k. What is the highest common factor of k and 41?
41
Suppose -330 = 10*p - 12*p. Suppose 3*i - 3*l = 2*l - 58, 2*i = -3*l - 45. Let z = i + 36. What is the highest common divisor of z and p?
15
Let b(t) = 3*t**2 - 7*t - 18. Let m be b(-10). Calculate the highest common factor of 32 and m.
32
Let h be (1048/(-12))/((-12)/126). Calculate the greatest common factor of h and 14.
7
Let h(l) = l - l - 5 - 84*l**2 + 112*l**2. Let s be h(3). What is the highest common divisor of s and 19?
19
Suppose -h = -5*s + 5, 0*h + 4*h - 16 = 2*s. Let n be s/(-1 + -1) - -35. Let m be (45/10 + -4)*34. Calculate the highest common divisor of m and n.
17
Let q be 1 - -1 - (-1 + 1). Let a be (-1)/3*q - (-390)/18. What is the highest common divisor of 21 and a?
21
Let g(z) = -4*z + 48. Let f be g(-8). Suppose 3*v - 2*q - 75 = 0, -q - f = -3*v - 8. Calculate the highest common divisor of 69 and v.
23
Let l = 16 - 4. Let y(v) = -6*v**3 - 4*v**2 + v + 9. Let c be y(-3). Calculate the greatest common factor of l and c.
12
Let i = -167 - -303. Let m(n) = -n**2 - 17*n + 4. Let b be m(-15). What is the greatest common factor of i and b?
34
Suppose -p + 3*z + 84 = 0, 0 = 7*p - 2*p - 5*z - 460. Calculate the highest common factor of 1104 and p.
48
Let r(f) = -f + 57. Let m be r(-17). Suppose 3*x = -5*d + 136, 32 = 2*x + 3*d - 57. Calculate the greatest common divisor of m and x.
37
Suppose 21*v - 26*v + 60 = 0. What is the highest common factor of 15 and v?
3
Suppose 12*s = -887 + 3395. Calculate the highest common factor of 152 and s.
19
Let t = -31 + 33. Let j be -9 + 5 + t*57. Suppose 44 = -2*p + 3*p. What is the greatest common divisor of j and p?
22
Suppose 3*l = i - 5, 2*i - 1 = -i - 5*l. Suppose -i*v + 7 = -7. Calculate the greatest common divisor of v and 77.
7
Let f be (-3)/1*-1 - -2. Suppose -f*d = -6*d + 36. What is the greatest common divisor of 12 and d?
12
Suppose -4*k = -s + 61, -2*s - 4*k = -132 + 10. What is the highest common factor of s and 488?
61
Suppose 17*k - 65 = 139. Let w be 94/8 + (-2)/(-8). Suppose k = -9*v + w*v. Calculate the highest common divisor of 4 and v.
4
Let c = -15 + 35. Let d(m) = 3*m**2 + m - 1. Let l be d(-2). Let q = c - l. What is the greatest common divisor of q and 11?
11
Let j = 17 - -55. Suppose -j = 3*o - 270. What is the greatest common factor of o and 6?
6
Let t(u) = 14*u - u**3 + 10*u**2 + u**2 - 10 - 3. Let i be t(12). What is the highest common divisor of 88 and i?
11
Let x = -8 + 9. Let u = 5 + x. Let n = 6 + 9. Calculate the highest common divisor of n and u.
3
Let f = -39 - -39. Suppose -v - 14 + 49 = f. Calculate the greatest common divisor of 7 and v.
7
Let b(t) = 8*t + 44. Let a be b(-2). What is the greatest common factor of a and 35?
7
Let g(w) = 3*w**2 - 7*w + 16. Let z be g(4). Calculate the greatest common factor of z and 45.
9
Let y = 81 - 41. Calculate the highest common factor of 730 and y.
10
Let m = 599 + -577. Calculate the greatest common divisor of m and 1936.
22
Suppose -6 = 3*c - 3. Suppose 6*q + 8*q = 182. Let f be q + c/(3/9). What is the highest common divisor of 25 and f?
5
Let o = 28 - 28. Suppose 6 = 3*c - o. What is the highest common divisor of c and 12?
2
Let f(b) = -124*b**3 - 2*b**2 + 1. Let k be (2/(-4))/((-3)/(-6)). Let h be f(k). Let p = h - 42. Calculate the greatest common factor of 9 and p.
9
Suppose 5*y - 481 - 330 = -2*g, 0 = 2*g - 4*y - 856. What is the greatest common factor of g and 38?
38
Let a(r) = -2*r**2 + 72*r + 216. Let j be a(38). What is the greatest common factor of 48 and j?
16
Let t(i) = i**3 + 13*i**2 - 12*i + 14. Let y be t(-13). Calculate the highest common factor of 10 and y.
10
Suppose 42 = -0*v + v. Let o = 917 - 905. Calculate the greatest common factor of v and o.
6
Let x be 485/10*(-3 + -3). Let w = 511 + x. Calculate the greatest common divisor of 20 and w.
20
Suppose 3*k + k - 4 = 0. Let r = k + 18. Calculate the greatest common factor of 19 and r.
19
Suppose -3*q = -0*q - 63. Let u be (-1 - -10) + (-49320)/(-274). What is the greatest common divisor of q and u?
21
Let v = 6 - 1. Let r = v - -7. Suppose 0 = -9*m + r*m - 198. Calculate the greatest common divisor of m and 11.
11
Let d(n) = n + 16. Let o be d(0). Let a(t) = -t**2 + t + 2. Let f be a(0). Suppose 5*h + f*h - 280 = 0. What is the greatest common factor of o and h?
8
Suppose 5*h - 312 = 4*t, -246 = -5*h - t + 51. Let y = -8795 + 8810. Calculate the highest common factor of y and h.
15
Let z(w) = w**3 - 10*w**2 + 7*w + 12. Let r be z(9). Let x(y) = -2*y + 2. Let q be x(r). Calculate the highest common divisor of 14 and q.
14
Let k = -1787 - -1931. What is the highest common factor of 54 and k?
18
Let i be ((-2)/4)/(((-3)/102)/1). Let a = -2 + i. What is the highest common divisor of 30 and a?
15
Let l be (-4 + 7820/(-16))/((-39)/104). Calculate the highest common factor of 36 and l.
18
Let l be (-21)/(-2)*(6 - 0/(-2)). Let o = l + -35. Suppose -3*c + 16 = c. What is the greatest common divisor of o and c?
4
Let q(h) = -14*h - h + 2*h + 2 + h**2. Let z be q(13). Suppose -3*m = -z*i + 7*i - 38, 0 = -2*m - 8. Calculate the highest common factor of 15 and i.
5
Let i be (-2 - -7) + 0 + 2. Let l(v) = -55*v + 1. Let t = -8 - -7. Let y be l(t). Calculate the highest common factor of y and i.
7
Let s(u) = 4*u - 2. Let d be s(2). Let h be ((-44)/77 - (-39)/7) + -105. Let z be 12/(-10)*h/d. Calculate the highest common factor of 10 and z.
10
Suppose 0 = -3*x + x - r + 881, 0 = -5*x - 2*r + 2202. Calculate the highest common factor of 40 and x.
40
Let c(g) = 3*g**3 - 4*g**2 - 35*